002202 - 22?
2210101101002110
In base 2, what is -1 - 11111010010011000100?
-11111010010011000101
In base 14, what is 47b97d + -5?
47b978
In base 8, what is -3714 + -23404?
-27320
In base 9, what is -3880 + 5?
-3874
In base 13, what is -25 - -80b1b?
80ac6
In base 3, what is -12 - 2120210111002?
-2120210111021
In base 6, what is 11211 - 104401?
-53150
In base 8, what is 3175 - 11355?
-6160
In base 2, what is 11000111 + -100111110011?
-100100101100
In base 5, what is 141 + 1030421411?
1030422102
In base 14, what is -25b055 - b?
-25b062
In base 13, what is 5 - 3b2c3b0?
-3b2c3a8
In base 2, what is -1000011010000100011101 - -11?
-1000011010000100011010
In base 14, what is 234 + 125b?
1491
In base 6, what is -14 + -100044011?
-100044025
In base 7, what is -14225 - -6425?
-4500
In base 3, what is -210 + -1102112120022022?
-1102112120100002
In base 13, what is b9555 - 3c?
b9516
In base 11, what is -211a33a - 2?
-211a341
In base 9, what is 63568 + 1562?
65241
In base 16, what is 3 + -3f2892f?
-3f2892c
In base 5, what is -2142140 + 14101?
-2123034
In base 8, what is 1172 + 12127?
13321
In base 3, what is 10122101 + -221200?
2200201
In base 5, what is 132330 + 332401?
1020231
In base 3, what is 1122122222001 - -10200?
1122200002201
In base 4, what is -2122113022 + -130?
-2122113212
In base 3, what is -100022122101112 + 10?
-100022122101102
In base 9, what is -84628802 - 0?
-84628802
In base 10, what is -12 + 506057?
506045
In base 16, what is -766c61 - -3?
-766c5e
In base 16, what is -e0c - -3cda?
2ece
In base 4, what is -22 - 110330322100?
-110330322122
In base 3, what is 220001 + -2210001011011?
-2210000021010
In base 9, what is -4753 + -15407?
-21261
In base 13, what is 7a252 - -100?
7a352
In base 3, what is 2201121 + -100100012200?
-100020111002
In base 4, what is -213130301120 + 32?
-213130301022
In base 8, what is 2142574 - -1605?
2144401
In base 9, what is -5 + -8311868?
-8311874
In base 13, what is 1856 - bc8?
95b
In base 7, what is -10 + -155421000?
-155421010
In base 8, what is 2 - 3167623?
-3167621
In base 14, what is 1c5428b + b?
1c54298
In base 3, what is -121202011202 + -1?
-121202011210
In base 13, what is 29 + 8645077?
86450a3
In base 9, what is -5 - -16735224?
16735218
In base 14, what is 11197b - -96?
111a33
In base 7, what is 4 + 22134643?
22134650
In base 16, what is 6 + -623d43?
-623d3d
In base 9, what is 16031 + -651?
15270
In base 11, what is 51a6 + -5318?
-122
In base 8, what is 103 + -74477?
-74374
In base 6, what is -2102 + -4021451?
-4023553
In base 9, what is 111 - 35280?
-35168
In base 15, what is -14 + 56144d?
561439
In base 14, what is 4 + 288b2879?
288b287d
In base 3, what is 11201222100 - -22020?
11202021120
In base 5, what is -3401 - 104214332?
-104223233
In base 15, what is -301 - 51cc?
-54cd
In base 2, what is 1010100011110101 + -10100000?
1010100001010101
In base 12, what is -113 - bb377?
-bb48a
In base 16, what is -15c4 - 9b0?
-1f74
In base 14, what is -334ca35 + 0?
-334ca35
In base 14, what is a79b + -d2?
a6a9
In base 2, what is 1100000011 + -11110101000101?
-11101001000010
In base 4, what is -131202 - -102313132?
102121330
In base 11, what is -4 - -1805740?
1805737
In base 14, what is -12b4 + 261c?
1348
In base 15, what is 1a - -10ee94?
10eeae
In base 3, what is -102011110202012100 + 100?
-102011110202012000
In base 9, what is -216653 + -2?
-216655
In base 10, what is 17640 - 73?
17567
In base 13, what is -14247a - -993?
-1417b7
In base 8, what is -174050 - -12465?
-161363
In base 6, what is -543 + 122125?
121142
In base 15, what is 3166 - 5ab?
2aaa
In base 10, what is -14768 - 52?
-14820
In base 2, what is -1 - 100110001111100010111000?
-100110001111100010111001
In base 14, what is 2 - -10d5bc58?
10d5bc5a
In base 2, what is 1100110010101 - 1000000010110?
100101111111
In base 16, what is 52 + 152c8?
1531a
In base 12, what is -11b7 + 21b2?
bb7
In base 13, what is -1704223 - 2?
-1704225
In base 15, what is 1a9e1 + -126e?
19772
In base 8, what is 7 + -1270320?
-1270311
In base 15, what is -3e - eebbc9?
-eebc18
In base 7, what is 1206 - 160433?
-156224
In base 13, what is 1 - -47457?
47458
In base 10, what is -15057524 - -1?
-15057523
In base 10, what is 560716 - -14?
560730
In base 10, what is 63 + 741426?
741489
In base 14, what is -5c2 + 4485?
3ca3
In base 15, what is 25105 - 3?
25102
In base 8, what is -15141354 - -3?
-15141351
In base 15, what is c11e1 + -432?
c0cae
In base 14, what is 1c04dad - 2?
1c04dab
In base 12, what is -89952 - b?
-89961
In base 2, what is 101 - 101111101101110010110111?
-101111101101110010110010
In base 6, what is 500201502 + 3?
500201505
In base 8, what is -10 - 450240?
-450250
In base 10, what is 9519780 - -5?
9519785
In base 5, what is 4 - 412312344?
-412312340
In base 4, what is -1002121 - 12303?
-1021030
In base 8, what is -37 + 13317436?
13317377
In base 9, what is -162 + 1004408?
1004236
In base 8, what is 51465 + -20766?
30477
In base 5, what is 1233102100210 - -2?
1233102100212
In base 12, what is -5 + 4ab6007?
4ab6002
In base 4, what is 1300332 - -300200?
2201132
In base 8, what is 50227334 + -4?
50227330
In base 3, what is -2120200 - -10200121101?
10121000201
In base 6, what is 25155354102 - 0?
25155354102
In base 11, what is 279 - -78618?
78896
In base 2, what is -1000110 + -110110011001001101101?
-110110011001010110011
In base 11, what is -53010a - 68?
-530177
In base 2, what is -1111001111010 + -101011000111?
-10100101000001
In base 8, what is -2 - -1647105?
1647103
In base 5, what is -200114323 + 1122?
-200113201
In base 10, what is -1029 - -87291?
86262
In base 14, what is c3c255 + 1?
c3c256
In base 13, what is -1638 + -644c?
-7a87
In base 3, what is 1221122220022 + -20?
1221122220002
In base 8, what is -735 + -50430?
-51365
In base 13, what is 76 - 77736b?
-7772c5
In base 13, what is b1223 - -13?
b1236
In base 6, what is 223205 + 1024?
224233
In base 6, what is 3532035 - 45?
3531550
In base 8, what is -7165 - -125615?
116430
In base 12, what is -6b0b86 + -144?
-6b110a
In base 3, what is -2101111 - 12212111?
-22020222
In base 2, what is -1010110111010001 - 10101111?
-1010111010000000
In base 11, what is 15714 - 5372?
10352
In base 2, what is -111100010110110111101010 - -100?
-111100010110110111100110
In base 2, what is -110001100101010001 + -1000000?
-110001100110010001
In base 7, what is -4126 - 12553?
-20012
In base 11, what is -812 + -7497?
-81a9
In base 8, what is -50435247 + -1?
-50435250
In base 4, what is 11032031121120 + 0?
11032031121120
In base 15, what is 52135a - -78?
5213d3
In base 12, what is -11911 - -178?
-11755
In base 14, what is -346a + a275?
6c09
In base 11, what is -34533 - -409?
-34125
In base 2, what is 100001011101101 + -11011011100?
11110000010001
In base 8, what is 4 + -50654616?
-50654612
In base 6, what is 1042 + 3241020?
3242102
In base 4, what is -1020 - 2223312?
-2230332
In base 10, what is 5 + 1207657?
1207662
In base 6, what is -125515340 - -3?
-125515333
In base 16, what is d0c42 + -35d?
d08e5
In base 9, what is 1632134 + -85?
1632038
In base 7, what is 2620635 + 10502?
2631440
In base 5, what is -1032102 + 11243?
-1020304
In base 13, what is 129 + -1a88?
-195c
In base 12, what is 190a + -1a24b?
-18541
In base 16, what is -310f - -279?
-2e96
In base 12, what is 117 + -27992a?
-279813
In base 4, what is -1310313 - 12121?
-1323100
In base 9, what is -5 - 327501465?
-327501471
In base 2, what is 11 + -11001111001111000111010111?
-11001111001111000111010100
In base 14, what is 2352873 - -3?
2352876
In base 14, what is 10693302 - -2?
10693304
In base 4, what is -110 - -22110230?
22110120
In base 6, what is 15323030 + 111?
15323141
In base 5, what is 10 - -2300101121?
2300101131
In base 2, what is -100 + -100011100000001101100000011?
-100011100000001101100000111
In base 6, what is -420015322322 - 2?
-420015322324
In base 10, what is 1293330 - 6?
1293324
In base 16, what is 9 - -234b14?
234b1d
In base 9, what is 20865504 + 56?
20865561
In base 2, what is -111111010000 - -10100011101010?
1100100011010
In base 5, what is 443114303 + -122?
443114131
In base 14, what is -344628 + 34?
-3445d4
In base 14, what is 5 - 6843847?
-6843842
In base 4, what is -23 + 1201010201211?
1201010201122
In base 5, what is -2344 + 102143?
44244
In base 4, what is 3